 33 - -10)?
27
What is the value of 1 - (1 - 6) - (112 - (74 + 34))?
2
What is -8 + 10 + -5 - (-4 - -3) - 6?
-8
Evaluate -7 + 6 + (9 - (11 - 4) - 8).
-7
Evaluate (22 - 14) + -17 - -34 - 2.
23
What is -5 + -3 - (-15 + 18 + -2 + 5)?
-14
Calculate 0 + (-9 - (9 + -20)) - -16.
18
What is (-8 - -10 - (0 + 1) - 4) + -8?
-11
0 + 0 + 0 + -4 + 67 + -50
13
Calculate (-7 - (-11 + 7 - -10)) + -8.
-21
Evaluate -2 + 0 + 5 + 7 - 26.
-16
What is the value of -13 + 22 + (-34 - (13 + -1 + -7))?
-30
Evaluate (-9 + -28 - (-5 + 2)) + -6 + 10.
-30
What is the value of -15 + -2 + -3 + 2?
-18
Calculate -11 + (-45 - -33 - -23).
0
Evaluate 3 + (7 - 29) - -9.
-10
3 + 0 - (-213 - -210)
6
Evaluate -13 - -22 - (5 - ((-4 - -11) + -3)).
8
What is the value of 1 + -2 + 9 - (-21 + 14)?
15
Calculate (59 - 86) + (8 - 8).
-27
-5 + 11 + -5 + -1 - -4
4
What is (11 - (25 - 11)) + 1?
-2
What is -1 + 8 + 100 + -33 + -51?
23
Calculate 20 + (0 + 24 - 27).
17
What is the value of -6 - (-19 + 0 - ((-11 - -13) + -5))?
10
What is (7 - 2) + (180 + -189 - (3 + 0))?
-7
What is (1 - -19 - 14) + -24?
-18
What is the value of 3 + (-18 - 1) + -1 - (-10 + 5)?
-12
4 + -5 - (1 + 10)
-12
(-1 - 3) + -26 + 47 + 4
21
Evaluate (-4 + -10 - -7) + 16 + 6.
15
What is 2 + -1 + 11 + (-14 - -4)?
2
Calculate 204 + -182 - (5 - (-3 + 25)).
39
(7 - 12) + -1 + 1 + 0 + 12
7
What is the value of (20 - 9) + -2 + -4 + 6 + -3?
8
Calculate -1 + (9 - 13 - 7).
-12
What is 11 - (35 - 0) - -6?
-18
Evaluate 18 + -11 + -17 + 27 - 13.
4
Evaluate 3 + -4 + 71 + -68.
2
What is the value of 6 + (-25 - (18 - 25))?
-12
Calculate 3 + -10 + -1 + 14 - (1 + -1).
6
What is 109 + -87 - (4 - 0) - 48?
-30
What is the value of -19 + 27 + -1 + (1 - -1)?
9
What is the value of 0 - 2 - (32 + 1 + -2)?
-33
-8 - -1 - (5 - (8 - 4) - 11)
3
Evaluate (5 + -2 - 4) + -13 + 14 + 4.
4
(29 - 40) + 0 + 5 + 2
-4
Calculate 1 + -3 - (-12 - (12 - 12) - -19).
-9
Calculate (-18 - 22 - -27) + 18.
5
Calculate -24 + (21 - (6 + -10)).
1
12 + 1 + 0 + 10 + -14 + 4
13
17 + -11 + -8 + -14 - -46
30
What is the value of (-5 - -9 - (22 - 5)) + (-1 - 5)?
-19
What is (4 - (6 + 2)) + 0 + 0 + 7?
3
-5 + (7 - 1 - 15 - 14 - -8)
-20
1 + 1 + -2 + (129 - 162 - -14)
-19
Calculate 4 + 55 + -30 - 45.
-16
Evaluate (13 + -3 - (-65 + 58)) + -12.
5
Calculate 2 + -6 - (57 + -70).
9
What is the value of -14 + (-1 - -10 - -11)?
6
Evaluate -7 - (-28 - -12) - (-4 + 0).
13
Evaluate (-36 - -44) + (3 - -2) + -8.
5
(-4 - -12) + -4 + -5 + 7
6
What is the value of -34 + (-7 - (4 + -33))?
-12
Evaluate 7 + (-5 + (-16 - -10) - -6).
2
Evaluate -22 + 13 - (-7 + 1 + 2).
-5
Calculate 5 - (5 + (20 - 11 - 9)).
0
-23 + (5 + 4 + -4 - (1 + -2))
-17
What is the value of -27 + (-3 + -3 - -17)?
-16
Calculate (5 - 7 - (0 + 11)) + 33.
20
-12 + (15 - (6 - 5) - 6)
-4
What is 6 + 18 + -20 - 3?
1
Calculate -1 + 1 - ((7 - (9 - 4)) + 3).
-5
Calculate (0 - (1 + (8 - -2 - 4))) + 24.
17
Calculate 4 + (-6 - -3) - (-7 - 2 - -20).
-10
Calculate 5 - (6 - (33 - 27)).
5
What is -22 - -2 - (-3 + (4 - 1))?
-20
What is -716 - -700 - (0 - 15)?
-1
Evaluate 43 + -26 - (46 + -3 - -3).
-29
Calculate (24 - (-14 - -46)) + -8 + 0.
-16
Evaluate (-7 - -12) + 0 + 1 + -23 + 2.
-15
What is -23 - 0 - (-8 - 3)?
-12
Calculate -3 - (-20 + 0 + 21 + 0 + 3).
-7
Evaluate -5 - (6 + -14 - -12 - 11 - -37).
-35
Evaluate (31 - 15 - (-2 - -57)) + 14.
-25
What is 145 - 109 - (0 - -4)?
32
What is the value of 1 - (30 - 23 - (0 + 3))?
-3
Calculate -5 + (-7 - -12) + 1 + 7.
8
What is 32 + -29 - (11 + -1 - -6)?
-13
Evaluate 16 - (30 - (26 - 16)).
-4
What is the value of -6 + 12 + -10 + 7 + -12?
-9
What is the value of 18 - ((-5 - 0) + (-10 - -7) + 6)?
20
What is -2 + 11 + (-9 - ((7 - 15) + 3))?
5
Evaluate (10 + -4 - 0) + -5 - (-4 + -2).
7
What is 7 + -1 + 0 + -13 + 1 + -1?
-7
Calculate (-3 - -14) + (-13 - (-2 - 11)).
11
Calculate 1 + -2 + (-2 - 7) - (-48 + 42).
-4
Calculate (1 - -8) + -19 + 20 + -33.
-23
What is 7 + (-1 - 2) + -8 + (9 - -29)?
34
Calculate -1 + -6 + (27 - 1 - (-28 - -28)).
19
Calculate -16 + (-2 - (-6 - (20 - 18))).
-10
(-260 + 206 - (0 - 15)) + 19
-20
What is -11 - (-6 - -5) - (-1 - (5 + -6))?
-10
Evaluate 3 - (-24 + (-1 - -6 - -11)).
11
Evaluate 12 - ((3 - (6 - 0)) + 5).
10
Calculate 87 + -83 + -2 + -14.
-12
(1 + -3 - -6) + -5 + 25 + -8
16
Calculate -5 - -4 - (-21 + 8 - -7).
5
Calculate -82 - -87 - (3 - (-10 + -3)).
-11
13 + -10 + -12 + 10 + (39 - 2)
38
What is -3 + -1 + -25 + (-2 + 0 - -11)?
-20
Calculate 0 + 46 + (647 - 673).
20
Calculate 15 + 7 + -13 + -20.
-11
Evaluate 3 + 4 - (17 + -23).
13
What is (-42 - -49) + 2 + -5 + (-15 - 2)?
-13
(-10 - -24 - (20 + -2)) + (23 - -5)
24
Evaluate (-216 - -247) + -18 + -2.
11
Calculate (-42 - 10) + 27 + 47.
22
What is the value of -2 - 6 - ((16 - 6) + -7 + -5)?
-6
0 - (-8 + 4 + 3 + -1)
2
19 + -4 + (28 - 0) - 14
29
What is -23 + (-1 + 17 - (52 - 45))?
-14
What is the value of (-26 - 0 - (61 - 59)) + 9?
-19
Evaluate 2 + -1 + (24 - 27) + 4 - 12.
-10
-8 + -12 - (4 + 0 + 7)
-31
What is the value of (-9 + 1 - (0 - 23 - -14)) + -8?
-7
Calculate 4 + 10 + -4 - 2.
8
Evaluate -1 - (2 - 3) - (-45 - 10 - -43).
12
-52 + 57 + (1 - (9 - -3))
-6
Calculate -1 + 0 + 0 - (-40 + 44).
-5
-5 + 10 + 11 + -5 + -1
10
Evaluate 1 + (-8 - ((4 - (19 + 4)) + 6)).
6
18 + -14 + 7 + -14
-3
Evaluate (29 - 25) + -15 + (-2 + 6 - 3).
-10
20 + -55 - -50 - (9 - 1)
7
What is -2 + 7 + -28 + (9 - (-2 - -3))?
-15
Calculate -10 - (-10 - ((-3 - 4) + (22 - 11))).
4
What is -11 + -13 + -31 + 55?
0
What is -14 - (-7 - -19) - -10?
-16
Evaluate (0 - (2 - -1)) + (22 - 3 - 15).
1
Evaluate -7 + -12 + 7 + 8 + -1.
-5
What is (-6 + 1 + 0 - 4) + (-45 - -38)?
-16
What is the value of (26 - 7) + (6 - (6 - -4))?
15
Evaluate 24 + -23 - (-2 + -1 + 3 + 1).
0
What is the value of -7 - (-11 + 6) - (0 + 1) - -6?
3
Evaluate -282 + 265 - (23 - -1) - -10.
-31
What is (0 + -9 - (-183 - -202)) + 9?
-19
Evaluate -49 + (34 - (12 - 2)).
-25
Calculate -8 - -13 - (24 + (-1 - 1) + -2).
-15
(42 - -11) + -113 + 80
20
Evaluate -2 + (6 - 19 - -39).
24
What is -48 + 89 + -48 + -5?
-12
What is (6 - 1) + -3 + 9 + -3?
8
(-6 - (7 - (18 + -9))) + -3 + -7
-14
Evaluate -2 + 35 + -488 + 466.
11
Calculate -6 + -3 + 10 + 0 - -5.
6
Evaluate -83 - -76 - (1 + 1 + 2) - 16.
-27
Calculate (-21 - -10) + 5 - ((-5 - 4) + 2).
1
What is -1 + -10 - (123 + -162)?
28
10 + 10 + -29 + -24
-33
Evaluate (-6 - -1) + 0 - (40 - (26 + 4)).
-15
Evaluate 6 + 5 + 0 + -6.
5
What is the value of 2 + 0 - (-41 - -42) - 16?
-15
Calculate 25 - 15 - (-7 - (-6 - 0)).
11
What is the value of -4 + -2 + (10 - ((-2 - -12) + -12))?
6
(-5 - 12 - -16) + 1
0
Calculate -5 - (8 + -4) - (-8 - 11).
10
Calculate -7 + -7 + 2 + 3 + (23 - 15).
-1
Calculate -11 + 4 + -1 + -35 + (-31 - -70).
-4
Calculate 8 - (-3 + -5 + 11) - -1.
6
14 + -21 + 27 + -12
8
Calculate (19 - 18) + (-12 - (-4 - 0)).
-7
What is -10 + 25 - (6 - -4)?
5
5 + 21 - (115 + -119)
30
18 - (37 + -4) - -36
21
What is the value of (-15 - -3) + 12 + -5 + -4 + 1?
-8
Calculate (-65 - -55) + (37 - 29).
-2
What is -33 - (13 - (22 + -8)) - 1?
-33
Evaluate 0 - (-10 + 4 + -3).
9
Calculate -2 + 11 + -7 + 0 + 3.
5
Calculate 0 - -2 - (-12 + 2 - -17).
-5
What is (-29 - -24) + -8 + (-1 - -8)?
-6
What is -5 + 13 + -6 + -1?
1
Evaluate -4 + (-2 - (6 + 1 + -5 - 8)).
0
What is the value of -662 - -634 - (-61 - -2)?
31
What is (13 - (1 + 6)) + -7?
-1
Calculate (-1 - 1 - -10) + (440 - 438).
10
What is the value of 5 - (-8 + 41) - -32?
4
9 - (-8 - (4 + -17)) - (-1 + 9)
-4
Calculate (-2 - -12) + (-3 + 8 + -8 - 1).
6
Calculate -4 + (3 - 1 - 9) + (-20 - -12).
-19
What is the value of 45 + (42 - 95) + -10?
-18
Evaluate -14 + (-6 - -29) + 5.
14
Evaluate 7 - (2 + (0 - 8) + 1).
12
Evaluate -3 + 2 + -54 + 54.
-1
Calculate 3 + 4 - (13 - (14 + 3)).
11
What is 0 - -1 - (-7 + 1 - (-56 - -44))?
-5
Calculate 3 + (-6 - (-9 + -7 - -7) - -1).
7
3 + 1 + -3 + 1 + -11
-9
5 + -22 + (-3 - -12)
-8
What is 1 + 10 - (313 + -296)?
-6
Calculate (8 - 6) + -2 - (0 + -4).
4
What is the value of (0 - 4) + (-15 - (-7 + 1))?
-13
What is -12 + 25 - 11 - 32?
-30
What is the value of (27 - (39 - 17 - 13)) + (3 - 0)?
21
What is the value of 1 - 27 - (-4 - -7 - 11 - -11)?
-29
-2 - 2 - (-4 - -16) - -9
-7
Evaluate 224 + -208 + -6 + (0 - -1) - -1.
12
What is the value of (-15 - 2) + (-18 - -47)?
12
Evaluate 1 + -20 + 6 + 7.
-6
What is -3 - (-1 + 1 